?
-22a741
In base 12, what is -7 - 2750631?
-2750638
In base 3, what is -22000220122 - 2111?
-22001000010
In base 15, what is -6d98 - 7689?
-e532
In base 16, what is 10d + 119a3?
11ab0
In base 7, what is -243603 + 2165?
-241405
In base 10, what is 6763965 - -5?
6763970
In base 16, what is 24c3e81 - -4?
24c3e85
In base 12, what is 3949 + 8?
3955
In base 3, what is 2 + 102112112001120?
102112112001122
In base 9, what is -38474 + -27?
-38512
In base 16, what is 74e857 - 3?
74e854
In base 16, what is 25e6 + 5d38?
831e
In base 7, what is -1355312 - -551?
-1354431
In base 14, what is -188d5161 - 3?
-188d5164
In base 14, what is -132 + 3a0d?
38bb
In base 3, what is -120200121120 + 20222?
-120200100121
In base 12, what is 1888a99 - 5?
1888a94
In base 11, what is -1 + -9117678?
-9117679
In base 14, what is cc46 - b2?
cb74
In base 2, what is -110010011001001 - 100000011000110?
-1010010110001111
In base 15, what is e7d81eb - -4?
e7d8200
In base 6, what is 13245543 + -50?
13245453
In base 15, what is -50e54d - -3?
-50e54a
In base 2, what is -1000 + -110000000011000101101001?
-110000000011000101110001
In base 15, what is 20 - -540b?
542b
In base 15, what is d75 - -438?
12ad
In base 2, what is 1010110010001000 + -101111000000?
1010000011001000
In base 9, what is -233 + -657311?
-657544
In base 10, what is 25 + 46654?
46679
In base 10, what is -1789970 - 445?
-1790415
In base 14, what is 5b8d + -5?
5b88
In base 6, what is 200204 - 541203?
-340555
In base 6, what is -50 - 2331054?
-2331144
In base 9, what is -3 + -11073086?
-11073100
In base 16, what is -3 + 2d4ff?
2d4fc
In base 12, what is bbb - -6143?
7142
In base 6, what is -112 - 15441044?
-15441200
In base 7, what is 363021455 + 3?
363021461
In base 4, what is -130 + 120321011?
120320221
In base 9, what is -133 - 425238?
-425372
In base 4, what is -12000031020 + 3?
-12000031011
In base 13, what is -2 + 81c438?
81c436
In base 7, what is 5223314 - 635?
5222346
In base 9, what is -27627144 + -6?
-27627151
In base 9, what is -142450125 - 4?
-142450130
In base 16, what is 5 - -23d0c1?
23d0c6
In base 6, what is 3312052443 + -1?
3312052442
In base 4, what is -1311 - -30211023002?
30211021031
In base 13, what is 13 + -480791?
-48077b
In base 4, what is 31301223111 + 3?
31301223120
In base 12, what is 51 - -3b87?
4018
In base 5, what is -1030324102221 + 10?
-1030324102211
In base 2, what is 1 - 10011011100101000010001?
-10011011100101000010000
In base 10, what is 8045061 - 34?
8045027
In base 16, what is -242e5c + 28?
-242e34
In base 9, what is -233 + -268136?
-268370
In base 16, what is -3e + 1911?
18d3
In base 2, what is -111001101010000 - 1110?
-111001101011110
In base 3, what is 102222 + -1120120020?
-1120010021
In base 9, what is -4 + 10721056?
10721052
In base 9, what is 580 + 236726?
237416
In base 15, what is a - 2313de?
-2313d4
In base 16, what is 2fe01 - 3b8?
2fa49
In base 13, what is 1008a4 - 103?
1007a1
In base 11, what is 146905a - -a?
1469069
In base 15, what is 1306 - -dc8?
21ce
In base 14, what is 2 + -a5a242c?
-a5a242a
In base 6, what is -1 + 1311244434?
1311244433
In base 3, what is 11002022201220222 + 10?
11002022201221002
In base 12, what is 9862 - -4a0?
a142
In base 8, what is -4 - 645456266?
-645456272
In base 5, what is -22022421213 - 1?
-22022421214
In base 13, what is -5a8328b9 + -3?
-5a8328bc
In base 2, what is 10101 - 110010101100010101?
-110010101100000000
In base 8, what is 4513175026 - -3?
4513175031
In base 5, what is -123301023 - -321?
-123300202
In base 16, what is 3e08 - 367?
3aa1
In base 3, what is -10022022002 + -10022012?
-10102121021
In base 10, what is 173 - 200625?
-200452
In base 8, what is 120336 + -1012?
117324
In base 16, what is 6370475 + -b?
637046a
In base 15, what is -5 + 6876543?
687653d
In base 16, what is 3452b98 - -1?
3452b99
In base 12, what is -3 - -3162a27?
3162a24
In base 6, what is -1 + 43220453?
43220452
In base 9, what is -3312 + -4842?
-8254
In base 7, what is 3514 + -101623?
-65106
In base 9, what is 78364 - -70?
78444
In base 6, what is 55450200435 + -1?
55450200434
In base 7, what is -122 - -525403?
525251
In base 11, what is 3 + 8033578?
8033580
In base 12, what is 6bb0a + -248?
6b882
In base 16, what is 1634 - 15ad?
87
In base 11, what is -5 - -154189?
154184
In base 5, what is -1222304 + 41303?
-1131001
In base 16, what is -16 + -9e5d?
-9e73
In base 15, what is 340de45 - -4?
340de49
In base 6, what is -2421552 - -10434?
-2411114
In base 10, what is 266 - -2745?
3011
In base 14, what is -1145644 + -40?
-1145684
In base 16, what is 3c3674 - 6?
3c366e
In base 4, what is -11 + -21323310223?
-21323310300
In base 15, what is dc09 + -54?
dba5
In base 13, what is 5 + 35cc3a2?
35cc3a7
In base 16, what is -1877d611 + -5?
-1877d616
In base 13, what is -3 - 7a082a?
-7a0830
In base 13, what is -145704c + -2?
-1457051
In base 16, what is -35ba3 + -11?
-35bb4
In base 7, what is -4130044 - 1624?
-4132001
In base 11, what is -735 + -62015?
-6274a
In base 5, what is 403 + 40032340?
40033243
In base 5, what is -223003 + 3014?
-214434
In base 9, what is -3 + 152876431?
152876427
In base 14, what is -3 - -68c8d?
68c8a
In base 6, what is -122520004214 - 3?
-122520004221
In base 3, what is -101 - 21201101110?
-21201101211
In base 13, what is 91aa + -a773?
-1596
In base 13, what is 11a - 6ac15?
-6aac8
In base 13, what is 0 - 70c6511?
-70c6511
In base 13, what is -450c - 19cb?
-620a
In base 15, what is -2 - -80d11b?
80d119
In base 8, what is 4501 + -4565?
-64
In base 9, what is -122802823 - -4?
-122802818
In base 10, what is -4 + -2046891?
-2046895
In base 6, what is 32413 + 133442?
210255
In base 6, what is -23 - -2520000305?
2520000242
In base 13, what is -c669 - -495?
-c1a4
In base 16, what is -ac + 9808f?
97fe3
In base 9, what is -18755380 - 2?
-18755382
In base 12, what is 12657b + 6?
126585
In base 14, what is 1 + cb827a?
cb827b
In base 5, what is 3 - 1120304201111?
-1120304201103
In base 16, what is 590e2 - -79?
5915b
In base 7, what is 1134343 + -13635?
1120405
In base 4, what is 11 + 3223122033?
3223122110
In base 7, what is -5151415242 - -2?
-5151415240
In base 8, what is 2721040711 + 4?
2721040715
In base 11, what is -3 + 297539?
297536
In base 4, what is 101013002130 + 2?
101013002132
In base 16, what is -e32e1 + -14?
-e32f5
In base 9, what is 10 + -1412236?
-1412226
In base 15, what is 24188 - -23d?
243c6
In base 2, what is 10 - -100000101000111100101010?
100000101000111100101100
In base 16, what is f3c7 - -1a?
f3e1
In base 8, what is -4 + -260057157?
-260057163
In base 16, what is 21beb + -871?
2137a
In base 2, what is 11101000001101 - -1101111101001?
101010111110110
In base 7, what is -4 + -10162610?
-10162614
In base 16, what is 1a + 4c5?
4df
In base 2, what is 1000010110110001001111 + 1?
1000010110110001010000
In base 2, what is 1010 + -10010100010111101111000?
-10010100010111101101110
In base 12, what is 19 - 79a7b?
-79a62
In base 12, what is -1402205 + 5?
-1402200
In base 5, what is -41320 + -221321?
-313141
In base 9, what is 1652181 + 2?
1652183
In base 14, what is -970 + 14cb?
95b
In base 9, what is 233243600 + -4?
233243585
In base 13, what is 1b62b + 3791?
220bc
In base 14, what is 131a + -267?
1093
In base 16, what is -43bf9 + 0?
-43bf9
In base 2, what is -101010111000001010011000110 + -10?
-101010111000001010011001000
In base 4, what is -3 + -10120100303132?
-10120100303201
In base 12, what is -50a73 - 30?
-50aa3
In base 14, what is -2a5 - -bd9d?
bad8
In base 2, what is -11110101110 - -100011100000010100?
100011000001100110
In base 11, what is 3 - -5092896?
5092899
In base 8, what is 155621 + 412?
156233
In base 8, what is 461 + 1327451?
1330132
In base 15, what is -5a711 - 16?
-5a727
In base 9, what is 305 + 17374?
17680
In base 13, what is -1c73336 - 0?
-1c73336
In base 10, what is -4 - -74877?
74873
In base 8, what is -732016301 - -4?
-732016275
In base 6, what is -143 - 42443135?
-42443322
In base 12, what is -1 + a82688a?
a826889
In base 5, what is -441043 + 3141?
-432402
In base 7, what is 43 + -26061640?
-26061564
In base 12, what is -363a9 - -40?
-36369
In base 15, what is -2c4725b8 + 1?
-2c4725b7
In base 4, what is -30212310232 - 2123?
-30212313021
In base 8, what is -400537 + 3100?
-375437
In base 10, what is -3 + -3070572?
-3070575